{"id":789,"date":"2026-02-24T13:10:12","date_gmt":"2026-02-24T11:10:12","guid":{"rendered":"https:\/\/damadeelaia.com\/?post_type=product&#038;p=789"},"modified":"2026-02-25T15:45:16","modified_gmt":"2026-02-25T13:45:16","slug":"aove-dama-de-elaia-farga","status":"publish","type":"product","link":"https:\/\/damadeelaia.com\/?product=aove-dama-de-elaia-farga","title":{"rendered":"AOVE Dama de Elaia FARGA"},"content":{"rendered":"<p>Aceite equilibrado con perfil frutado medio. Notas vegetales frescas (hinojo y tomate) combinadas con matiz de pl\u00e1tano maduro. M\u00e1s dulce y ligeramente menos estructurado en frutos secos que el Selecci\u00f3n. Picante elegante y bien integrado.<\/p>\n<p>Este aceite es heredero de todas las culturas que ha habilitado este territorio; Ib\u00e9ricos, Griegos, Fenicios y Romanos ya conoc\u00edan y apreciaban su excelente calidad.<\/p>\n<p>&nbsp;<\/p>\n","protected":false},"excerpt":{"rendered":"<p>Aceite de oliva \u00a0de categor\u00eda superior \u00a0obtenido directamente de aceitunas y solo mediante procedimientos \u00a0mec\u00e1nicos.<\/p>\n<p>Superior Category olive oil obtained directly from olives and only by mechanical means.<\/p>\n<p>EXTRACCION EN FR\u00cdO\/ COLD EXTRACTION<br \/>\nconservar en un lugar fresco y seco protegido de la luz solar.<br \/>\nKeep preserved of light in a cool, dry place.<\/p>\n<p data-start=\"1763\" data-end=\"2001\">\n","protected":false},"featured_media":790,"template":"","meta":[],"product_brand":[],"product_cat":[29],"product_tag":[],"class_list":{"0":"post-789","1":"product","2":"type-product","3":"status-publish","4":"has-post-thumbnail","6":"product_cat-aove","8":"first","9":"instock","10":"taxable","11":"shipping-taxable","12":"purchasable","13":"product-type-simple"},"jetpack_sharing_enabled":true,"_links":{"self":[{"href":"https:\/\/damadeelaia.com\/index.php?rest_route=\/wp\/v2\/product\/789","targetHints":{"allow":["GET"]}}],"collection":[{"href":"https:\/\/damadeelaia.com\/index.php?rest_route=\/wp\/v2\/product"}],"about":[{"href":"https:\/\/damadeelaia.com\/index.php?rest_route=\/wp\/v2\/types\/product"}],"wp:featuredmedia":[{"embeddable":true,"href":"https:\/\/damadeelaia.com\/index.php?rest_route=\/wp\/v2\/media\/790"}],"wp:attachment":[{"href":"https:\/\/damadeelaia.com\/index.php?rest_route=%2Fwp%2Fv2%2Fmedia&parent=789"}],"wp:term":[{"taxonomy":"product_brand","embeddable":true,"href":"https:\/\/damadeelaia.com\/index.php?rest_route=%2Fwp%2Fv2%2Fproduct_brand&post=789"},{"taxonomy":"product_cat","embeddable":true,"href":"https:\/\/damadeelaia.com\/index.php?rest_route=%2Fwp%2Fv2%2Fproduct_cat&post=789"},{"taxonomy":"product_tag","embeddable":true,"href":"https:\/\/damadeelaia.com\/index.php?rest_route=%2Fwp%2Fv2%2Fproduct_tag&post=789"}],"curies":[{"name":"wp","href":"https:\/\/api.w.org\/{rel}","templated":true}]}}